digit of 33257770?
7
What is the ten millions digit of 144977202?
4
What is the hundred thousands digit of 290169247?
1
What is the ten thousands digit of 422400150?
0
What is the ten millions digit of 4137672534?
3
What is the hundreds digit of 255264935?
9
What is the hundred thousands digit of 38718961?
7
What is the ten thousands digit of 146435231?
3
What is the tens digit of 23331557?
5
What is the hundreds digit of 127305421?
4
What is the millions digit of 1206170577?
6
What is the thousands digit of 20586808?
6
What is the hundred millions digit of 1379466050?
3
What is the ten millions digit of 1035008644?
3
What is the ten thousands digit of 494206561?
0
What is the units digit of 17864146?
6
What is the units digit of 3537024547?
7
What is the hundreds digit of 498139885?
8
What is the units digit of 344997818?
8
What is the hundred millions digit of 2541995696?
5
What is the millions digit of 4689127968?
9
What is the units digit of 75185085?
5
What is the hundred thousands digit of 3154523761?
5
What is the ten thousands digit of 9107341?
0
What is the hundred millions digit of 319665078?
3
What is the units digit of 692029190?
0
What is the hundreds digit of 52747231?
2
What is the ten thousands digit of 1293942?
9
What is the tens digit of 556247997?
9
What is the ten thousands digit of 97702230?
0
What is the thousands digit of 109917?
9
What is the hundred thousands digit of 122093068?
0
What is the hundred thousands digit of 19013793?
0
What is the hundreds digit of 239419175?
1
What is the ten millions digit of 628286402?
2
What is the ten thousands digit of 5374607697?
0
What is the ten thousands digit of 1202624919?
2
What is the millions digit of 585678978?
5
What is the hundred thousands digit of 2141960693?
9
What is the tens digit of 4249915459?
5
What is the hundred thousands digit of 3435373?
4
What is the ten thousands digit of 64592796?
9
What is the ten millions digit of 134421529?
3
What is the ten millions digit of 1727581608?
2
What is the units digit of 679087956?
6
What is the ten millions digit of 102257589?
0
What is the hundreds digit of 210183396?
3
What is the ten thousands digit of 160601958?
0
What is the hundreds digit of 873950270?
2
What is the hundreds digit of 107830987?
9
What is the ten millions digit of 576574016?
7
What is the units digit of 3372482995?
5
What is the ten thousands digit of 2949226944?
2
What is the hundreds digit of 3480030245?
2
What is the hundred millions digit of 105625961?
1
What is the tens digit of 32353060?
6
What is the hundreds digit of 1084291911?
9
What is the hundred thousands digit of 112510725?
5
What is the millions digit of 1647901442?
7
What is the millions digit of 233421490?
3
What is the ten millions digit of 156496319?
5
What is the ten thousands digit of 31106537?
0
What is the hundred thousands digit of 1106313280?
3
What is the hundred millions digit of 166996894?
1
What is the units digit of 155094903?
3
What is the hundred thousands digit of 3605727669?
7
What is the millions digit of 1101687915?
1
What is the ten millions digit of 779100360?
7
What is the thousands digit of 3998832?
8
What is the ten thousands digit of 343561679?
6
What is the millions digit of 109493962?
9
What is the hundred millions digit of 4300047761?
3
What is the hundreds digit of 885896931?
9
What is the units digit of 493017926?
6
What is the units digit of 114099202?
2
What is the tens digit of 17848567?
6
What is the millions digit of 65351877?
5
What is the ten millions digit of 18753120?
1
What is the tens digit of 34282338?
3
What is the millions digit of 21562154?
1
What is the millions digit of 6630204?
6
What is the hundreds digit of 3153123056?
0
What is the tens digit of 234370139?
3
What is the ten millions digit of 2345786825?
4
What is the thousands digit of 23443415?
3
What is the hundred thousands digit of 132108226?
1
What is the tens digit of 1590954494?
9
What is the hundreds digit of 346014341?
3
What is the millions digit of 1043605162?
3
What is the ten thousands digit of 1230945728?
4
What is the hundreds digit of 1697324073?
0
What is the ten millions digit of 217490205?
1
What is the billions digit of 1956336082?
1
What is the units digit of 135412064?
4
What is the hundred thousands digit of 47918225?
9
What is the tens digit of 3489116874?
7
What is the hundreds digit of 97400591?
5
What is the hundreds digit of 664267839?
8
What is the ten thousands digit of 11699736?
9
What is the hundred millions digit of 4729969853?
7
What is the hundreds digit of 77701655?
6
What is the thousands digit of 25811121?
1
What is the ten thousands digit of 1004393315?
9
What is the ten millions digit of 4367230537?
6
What is the millions digit of 48904303?
8
What is the hundreds digit of 202987960?
9
What is the ten thousands digit of 1289914162?
1
What is the millions digit of 987197177?
7
What is the hundreds digit of 178727258?
2
What is the thousands digit of 72099612?
9
What is the ten millions digit of 23677529?
2
What is the ten thousands digit of 157896826?
9
What is the thousands digit of 14368803?
8
What is the ten thousands digit of 1265358766?
5
What is the millions digit of 3392003692?
2
What is the units digit of 73916823?
3
What is the ten thousands digit of 304054439?
5
What is the ten millions digit of 1440106113?
4
What is the ten millions digit of 99926425?
9
What is the ten thousands digit of 2346806430?
0
What is the hundreds digit of 49602933?
9
What is the ten thousands digit of 996339118?
3
What is the tens digit of 4514688?
8
What is the hundred millions digit of 107231436?
1
What is the units digit of 626902988?
8
What is the tens digit of 6484978165?
6
What is the tens digit of 257879528?
2
What is the hundred millions digit of 1693094999?
6
What is the tens digit of 203774070?
7
What is the thousands digit of 289656187?
6
What is the units digit of 180801399?
9
What is the units digit of 984865583?
3
What is the units digit of 623561793?
3
What is the millions digit of 35851534?
5
What is the ten millions digit of 148420899?
4
What is the thousands digit of 2646845?
6
What is the hundred millions digit of 100819408?
1
What is the tens digit of 242316615?
1
What is the ten thousands digit of 4596175?
9
What is the tens digit of 529429281?
8
What is the millions digit of 23498454?
3
What is the millions digit of 12903335?
2
What is the ten millions digit of 79245606?
7
What is the millions digit of 2157843010?
7
What is the units digit of 1503364486?
6
What is the ten millions digit of 299524950?
9
What is the millions digit of 12903801?
2
What is the hundreds digit of 540463720?
7
What is the thousands digit of 216294427?
4
What is the hundred thousands digit of 1570276672?
2
What is the hundred thousands digit of 3863613?
8
What is the hundred millions digit of 820152937?
8
What is the millions digit of 29337696?
9
What is the millions digit of 237884112?
7
What is the ten millions digit of 11145009?
1
What is the hundreds digit of 113651421?
4
What is the ten millions digit of 88025589?
8
What is the hundreds digit of 20207650?
6
What is the units digit of 163029917?
7
What is the millions digit of 58137650?
8
What is the thousands digit of 1937821390?
1
What is the hundred thousands digit of 42575458?
5
What is the hundreds digit of 185457666?
6
What is the tens digit of 3008019671?
7
What is the hundred millions digit of 337083126?
3
What is the ten thousands digit of 1345291515?
9
What is the units digit of 276699644?
4
What is the hundred thousands digit of 476220806?
2
What is the millions digit of 2659499336?
9
What is the hundred millions digit of 135837923?
1
What is the thousands digit of 51553264?
3
What is the millions digit of 211255964?
1
What is the thousands digit of 428101460?
1
What is the hundred thousands digit of 13461697?
4
What is the thousands digit of 207860888?
0
What is the thousands digit of 98727692?
7
What is the billions digit of 2843755080?
2
What is the hundred thousands digit of 26099080?
0
What is the billions digit of 1702238137?
1
What is the hundred thousands digit of 171079817?
0
What is the millions digit of 641558500?
1
What is the ten thousands digit of 1389105401?
0
What is the units digit